d by 6106?
37
What is the remainder when 43728 is divided by 884?
412
What is the remainder when 1994094 is divided by 412?
14
What is the remainder when 85403 is divided by 3517?
995
Calculate the remainder when 8321516 is divided by 179.
164
What is the remainder when 7482210 is divided by 4335?
0
Calculate the remainder when 68001 is divided by 22616.
153
Calculate the remainder when 967347 is divided by 96.
51
What is the remainder when 531674 is divided by 4584?
4514
Calculate the remainder when 8544098 is divided by 860.
858
Calculate the remainder when 2339347 is divided by 472.
115
What is the remainder when 70797217 is divided by 49?
8
What is the remainder when 2210592 is divided by 521?
510
What is the remainder when 3627782 is divided by 23405?
7
What is the remainder when 63543 is divided by 1354?
1259
Calculate the remainder when 132310027 is divided by 3083.
3082
What is the remainder when 66158688 is divided by 11026448?
0
Calculate the remainder when 26380263 is divided by 1256202.
21
What is the remainder when 23889347 is divided by 5625?
5597
What is the remainder when 6489735 is divided by 424?
415
What is the remainder when 18247017 is divided by 35?
12
Calculate the remainder when 1915032 is divided by 84.
0
What is the remainder when 1370330 is divided by 59?
55
What is the remainder when 496070 is divided by 5704?
5526
What is the remainder when 155819 is divided by 3890?
219
Calculate the remainder when 106168 is divided by 52938.
292
Calculate the remainder when 40077254 is divided by 63.
56
What is the remainder when 458344 is divided by 62?
40
What is the remainder when 7701231 is divided by 948?
627
Calculate the remainder when 209609 is divided by 40699.
6114
Calculate the remainder when 1147059 is divided by 424.
139
What is the remainder when 6291 is divided by 1508?
259
Calculate the remainder when 4825869 is divided by 144.
141
What is the remainder when 33216 is divided by 16320?
576
What is the remainder when 416189 is divided by 4386?
3905
What is the remainder when 988808 is divided by 31?
1
What is the remainder when 5355387 is divided by 1159?
807
What is the remainder when 160185 is divided by 159607?
578
Calculate the remainder when 6904724 is divided by 738.
734
What is the remainder when 588277 is divided by 147040?
117
Calculate the remainder when 123103439 is divided by 1665.
1664
What is the remainder when 34603097 is divided by 97?
93
Calculate the remainder when 653120 is divided by 1256.
0
What is the remainder when 718095 is divided by 6?
3
What is the remainder when 185698 is divided by 216?
154
What is the remainder when 632451 is divided by 17568?
3
What is the remainder when 59182077 is divided by 512?
509
Calculate the remainder when 73902665 is divided by 14780519.
70
Calculate the remainder when 26448052 is divided by 15659.
1
Calculate the remainder when 2053578 is divided by 11.
10
What is the remainder when 141277 is divided by 154?
59
Calculate the remainder when 20589755 is divided by 3.
2
Calculate the remainder when 8092 is divided by 6885.
1207
What is the remainder when 4190209 is divided by 681?
16
Calculate the remainder when 12912 is divided by 20.
12
Calculate the remainder when 3042 is divided by 133.
116
Calculate the remainder when 652355 is divided by 5824.
67
What is the remainder when 327558 is divided by 243?
237
What is the remainder when 13986187 is divided by 3496540?
27
Calculate the remainder when 332830 is divided by 424.
414
What is the remainder when 18487 is divided by 3662?
177
What is the remainder when 22602592 is divided by 1738660?
12
Calculate the remainder when 55382136 is divided by 10495.
21
What is the remainder when 212445753 is divided by 212445747?
6
What is the remainder when 78487 is divided by 2007?
214
Calculate the remainder when 1618154 is divided by 2752.
2730
Calculate the remainder when 7265030 is divided by 14.
10
What is the remainder when 164538 is divided by 1395?
1323
Calculate the remainder when 2242599 is divided by 960.
39
Calculate the remainder when 23933 is divided by 11326.
1281
Calculate the remainder when 846673904 is divided by 605.
604
What is the remainder when 38600 is divided by 7716?
20
What is the remainder when 360525 is divided by 44989?
613
What is the remainder when 8632999 is divided by 356?
355
Calculate the remainder when 18075113 is divided by 5221.
11
What is the remainder when 207301 is divided by 207268?
33
Calculate the remainder when 707915 is divided by 11605.
10
What is the remainder when 679221 is divided by 680?
581
Calculate the remainder when 56748278 is divided by 8106894.
20
Calculate the remainder when 2102346 is divided by 100111.
15
Calculate the remainder when 1119622 is divided by 3162.
274
Calculate the remainder when 12127209 is divided by 3031723.
317
What is the remainder when 62011506 is divided by 15502875?
6
Calculate the remainder when 294423 is divided by 3871.
227
Calculate the remainder when 11673640 is divided by 201.
163
Calculate the remainder when 59635391 is divided by 321.
11
Calculate the remainder when 32979947 is divided by 520.
507
Calculate the remainder when 31498 is divided by 3286.
1924
What is the remainder when 968842 is divided by 2139?
2014
What is the remainder when 68557 is divided by 5262?
151
What is the remainder when 674909 is divided by 105?
74
Calculate the remainder when 1936346 is divided by 9405.
8321
What is the remainder when 80042266 is divided by 246?
16
What is the remainder when 8145813 is divided by 9363?
3
What is the remainder when 7439197 is divided by 963?
22
What is the remainder when 74796155 is divided by 606?
605
What is the remainder when 7793073 is divided by 7792644?
429
What is the remainder when 13284880 is divided by 71?
70
What is the remainder when 7547248 is divided by 652?
348
Calculate the remainder when 5908073 is divided by 388.
385
Calculate the remainder when 5275256 is divided by 321.
263
What is the remainder when 13166492 is divided by 65?
27
What is the remainder when 1052984 is divided by 134?
12
What is the remainder when 544321 is divided by 422?
363
What is the remainder when 120800138 is divided by 59?
57
Calculate the remainder when 653384 is divided by 217075.
2159
What is the remainder when 1192186 is divided by 2038?
1994
What is the remainder when 811591 is divided by 90168?
79
Calculate the remainder when 22038312 is divided by 81.
75
What is the remainder when 551643 is divided by 37?
10
Calculate the remainder when 101897950 is divided by 20.
10
What is the remainder when 9555126 is divided by 1273?
1261
What is the remainder when 1342717 is divided by 3760?
397
What is the remainder when 22005416 is divided by 2445034?
110
Calculate the remainder when 14690337 is divided by 30.
27
Calculate the remainder when 5066562 is divided by 219.
216
Calculate the remainder when 257105 is divided by 887.
762
Calculate the remainder when 729758 is divided by 1811.
1736
What is the remainder when 916394 is divided by 126?
122
Calculate the remainder when 129074 is divided by 41223.
5405
Calculate the remainder when 156849575 is divided by 156.
155
What is the remainder when 389442 is divided by 1492?
30
What is the remainder when 54545613 is divided by 432?
429
What is the remainder when 4163882 is divided by 303?
56
What is the remainder when 12911247 is divided by 516449?
22
Calculate the remainder when 143995 is divided by 2318.
279
What is the remainder when 188293 is divided by 198?
193
What is the remainder when 1441756 is divided by 26?
4
Calculate the remainder when 1121180 is divided by 12456.
140
Calculate the remainder when 1356017 is divided by 128.
113
Calculate the remainder when 350143 is divided by 32.
31
Calculate the remainder when 32554379 is divided by 1550204.
95
What is the remainder when 347938 is divided by 2403?
1906
Calculate the remainder when 64976426 is divided by 1207.
1202
Calculate the remainder when 14632630 is divided by 233.
230
What is the remainder when 106032 is divided by 52950?
132
What is the remainder when 1827667 is divided by 194?
187
What is the remainder when 381863 is divided by 381803?
60
Calculate the remainder when 197511 is divided by 176.
39
Calculate the remai